{"id":1480,"date":"2025-12-29T15:02:14","date_gmt":"2025-12-29T14:02:14","guid":{"rendered":"https:\/\/mossdolli.com\/?post_type=product&#038;p=1480"},"modified":"2026-03-29T21:42:59","modified_gmt":"2026-03-29T19:42:59","slug":"yassa-blend","status":"publish","type":"product","link":"https:\/\/mossdolli.com\/?product=yassa-blend","title":{"rendered":"YASSA BLEND &#8211; M\u00e9lange d&rsquo;\u00e9pices citronn\u00e9 et poivr\u00e9"},"content":{"rendered":"<p data-start=\"2754\" data-end=\"2841\">Le <strong data-start=\"2757\" data-end=\"2783\">Yassa Blend Moss Dolli<\/strong> est un m\u00e9lange d&rsquo;\u00e9pices parfum\u00e9 et \u00e9quilibr\u00e9, inspir\u00e9 de la recette traditionnelle s\u00e9n\u00e9galaise.<\/p>\n<p data-start=\"2843\" data-end=\"2936\">Son go\u00fbt frais, citronn\u00e9 et l\u00e9g\u00e8rement \u00e9pic\u00e9 est parfait pour relever vos plats du quotidien.<\/p>\n<p data-start=\"920\" data-end=\"932\">Id\u00e9al pour :<\/p>\n<ul data-start=\"933\" data-end=\"1012\">\n<li data-start=\"933\" data-end=\"947\">\n<p data-start=\"935\" data-end=\"947\">Poulet Yassa<\/p>\n<\/li>\n<li data-start=\"948\" data-end=\"977\">\n<p data-start=\"950\" data-end=\"977\">Poissons grill\u00e9s ou marin\u00e9s<\/p>\n<\/li>\n<li data-start=\"978\" data-end=\"993\">\n<p data-start=\"980\" data-end=\"993\">L\u00e9gumes r\u00f4tis<\/p>\n<\/li>\n<li data-start=\"994\" data-end=\"1012\">\n<p data-start=\"996\" data-end=\"1012\">Marinades maison<\/p>\n<\/li>\n<\/ul>\n<p data-start=\"1014\" data-end=\"1098\">Un m\u00e9lange authentique, sans additifs, pour une cuisine g\u00e9n\u00e9reuse et ensoleill\u00e9e.<\/p>\n<h3 data-start=\"1100\" data-end=\"1129\">Conseils d\u2019utilisation<\/h3>\n<p data-start=\"1130\" data-end=\"1241\">\u00c0 utiliser en marinade avec un filet d\u2019huile et du citron, ou directement en assaisonnement pendant la cuisson.<\/p>\n<h3 data-start=\"1243\" data-end=\"1261\">Ingr\u00e9dients<\/h3>\n<p data-start=\"1262\" data-end=\"1306\">Oignon, ail, gingembre, poivre noir, moutarde, citron, paprika, thym, laurier, sel rose<\/p>\n<h3 data-start=\"1308\" data-end=\"1327\">Conservation<\/h3>\n<p data-start=\"1328\" data-end=\"1401\">\u00c0 conserver dans un endroit sec, \u00e0 l\u2019abri de la lumi\u00e8re et de la chaleur.<\/p>\n<p data-start=\"1328\" data-end=\"1401\">Poids net : 65g<\/p>\n<h3 data-start=\"2280\" data-end=\"2310\"><\/h3>\n<h3 data-start=\"2280\" data-end=\"2310\">Valeurs nutritionnelles<\/h3>\n<div class=\"TyagGW_tableContainer\">\n<div class=\"group TyagGW_tableWrapper flex w-fit flex-col-reverse\" tabindex=\"-1\">\n<table class=\"w-fit min-w-(--thread-content-width)\" data-start=\"2312\" data-end=\"2623\">\n<thead data-start=\"2312\" data-end=\"2346\">\n<tr data-start=\"2312\" data-end=\"2346\">\n<th data-start=\"2312\" data-end=\"2325\" data-col-size=\"sm\">Pour 100 g<\/th>\n<th data-start=\"2325\" data-end=\"2346\" data-col-size=\"sm\">Par portion (5 g)<\/th>\n<\/tr>\n<\/thead>\n<tbody data-start=\"2380\" data-end=\"2623\">\n<tr data-start=\"2380\" data-end=\"2412\">\n<td data-start=\"2380\" data-end=\"2401\" data-col-size=\"sm\">\u00c9nergie : 258 kcal<\/td>\n<td data-start=\"2401\" data-end=\"2412\" data-col-size=\"sm\">13 kcal<\/td>\n<\/tr>\n<tr data-start=\"2413\" data-end=\"2450\">\n<td data-start=\"2413\" data-end=\"2440\" data-col-size=\"sm\">Mati\u00e8res grasses : 3,1 g<\/td>\n<td data-start=\"2440\" data-end=\"2450\" data-col-size=\"sm\">0,15 g<\/td>\n<\/tr>\n<tr data-start=\"2451\" data-end=\"2485\">\n<td data-start=\"2451\" data-end=\"2475\" data-col-size=\"sm\">Dont satur\u00e9es : 0,5 g<\/td>\n<td data-start=\"2475\" data-end=\"2485\" data-col-size=\"sm\">0,03 g<\/td>\n<\/tr>\n<tr data-start=\"2486\" data-end=\"2513\">\n<td data-start=\"2486\" data-end=\"2504\" data-col-size=\"sm\">Glucides : 48 g<\/td>\n<td data-start=\"2504\" data-end=\"2513\" data-col-size=\"sm\">2,4 g<\/td>\n<\/tr>\n<tr data-start=\"2514\" data-end=\"2544\">\n<td data-start=\"2514\" data-end=\"2535\" data-col-size=\"sm\">Dont sucres : 22 g<\/td>\n<td data-start=\"2535\" data-end=\"2544\" data-col-size=\"sm\">1,1 g<\/td>\n<\/tr>\n<tr data-start=\"2545\" data-end=\"2570\">\n<td data-start=\"2545\" data-end=\"2561\" data-col-size=\"sm\">Fibres : 10 g<\/td>\n<td data-start=\"2561\" data-end=\"2570\" data-col-size=\"sm\">0,5 g<\/td>\n<\/tr>\n<tr data-start=\"2571\" data-end=\"2599\">\n<td data-start=\"2571\" data-end=\"2589\" data-col-size=\"sm\">Prot\u00e9ines : 9 g<\/td>\n<td data-start=\"2589\" data-end=\"2599\" data-col-size=\"sm\">0,45 g<\/td>\n<\/tr>\n<tr data-start=\"2600\" data-end=\"2623\">\n<td data-start=\"2600\" data-end=\"2613\" data-col-size=\"sm\">Sel : 21 g<\/td>\n<td data-start=\"2613\" data-end=\"2623\" data-col-size=\"sm\">1,05 g<\/td>\n<\/tr>\n<\/tbody>\n<\/table>\n<\/div>\n<\/div>\n","protected":false},"excerpt":{"rendered":"<p>M\u00e9lange d\u2019\u00e9pices pour yassa, marinades et bien plus encore. Saveur citronn\u00e9e et l\u00e9g\u00e8rement poivr\u00e9e.<\/p>\n","protected":false},"featured_media":1517,"comment_status":"open","ping_status":"closed","template":"","meta":{"site-sidebar-layout":"default","site-content-layout":"","ast-site-content-layout":"default","site-content-style":"default","site-sidebar-style":"default","ast-global-header-display":"","ast-banner-title-visibility":"","ast-main-header-display":"","ast-hfb-above-header-display":"","ast-hfb-below-header-display":"","ast-hfb-mobile-header-display":"","site-post-title":"","ast-breadcrumbs-content":"","ast-featured-img":"","footer-sml-layout":"","ast-disable-related-posts":"","theme-transparent-header-meta":"default","adv-header-id-meta":"","stick-header-meta":"","header-above-stick-meta":"","header-main-stick-meta":"","header-below-stick-meta":"","astra-migrate-meta-layouts":"set","ast-page-background-enabled":"default","ast-page-background-meta":{"desktop":{"background-color":"var(--ast-global-color-5)","background-image":"","background-repeat":"repeat","background-position":"center center","background-size":"auto","background-attachment":"scroll","background-type":"","background-media":"","overlay-type":"","overlay-color":"","overlay-opacity":"","overlay-gradient":""},"tablet":{"background-color":"","background-image":"","background-repeat":"repeat","background-position":"center center","background-size":"auto","background-attachment":"scroll","background-type":"","background-media":"","overlay-type":"","overlay-color":"","overlay-opacity":"","overlay-gradient":""},"mobile":{"background-color":"","background-image":"","background-repeat":"repeat","background-position":"center center","background-size":"auto","background-attachment":"scroll","background-type":"","background-media":"","overlay-type":"","overlay-color":"","overlay-opacity":"","overlay-gradient":""}},"ast-content-background-meta":{"desktop":{"background-color":"var(--ast-global-color-4)","background-image":"","background-repeat":"repeat","background-position":"center center","background-size":"auto","background-attachment":"scroll","background-type":"","background-media":"","overlay-type":"","overlay-color":"","overlay-opacity":"","overlay-gradient":""},"tablet":{"background-color":"var(--ast-global-color-4)","background-image":"","background-repeat":"repeat","background-position":"center center","background-size":"auto","background-attachment":"scroll","background-type":"","background-media":"","overlay-type":"","overlay-color":"","overlay-opacity":"","overlay-gradient":""},"mobile":{"background-color":"var(--ast-global-color-4)","background-image":"","background-repeat":"repeat","background-position":"center center","background-size":"auto","background-attachment":"scroll","background-type":"","background-media":"","overlay-type":"","overlay-color":"","overlay-opacity":"","overlay-gradient":""}}},"product_brand":[],"product_cat":[29],"product_tag":[30,31],"class_list":{"0":"post-1480","1":"product","2":"type-product","3":"status-publish","4":"has-post-thumbnail","6":"product_cat-epices-assaisonnements","7":"product_tag-bouillon","8":"product_tag-epices","9":"desktop-align-left","10":"tablet-align-left","11":"mobile-align-left","13":"first","14":"instock","15":"shipping-taxable","16":"purchasable","17":"product-type-simple"},"_links":{"self":[{"href":"https:\/\/mossdolli.com\/index.php?rest_route=\/wp\/v2\/product\/1480","targetHints":{"allow":["GET"]}}],"collection":[{"href":"https:\/\/mossdolli.com\/index.php?rest_route=\/wp\/v2\/product"}],"about":[{"href":"https:\/\/mossdolli.com\/index.php?rest_route=\/wp\/v2\/types\/product"}],"replies":[{"embeddable":true,"href":"https:\/\/mossdolli.com\/index.php?rest_route=%2Fwp%2Fv2%2Fcomments&post=1480"}],"wp:featuredmedia":[{"embeddable":true,"href":"https:\/\/mossdolli.com\/index.php?rest_route=\/wp\/v2\/media\/1517"}],"wp:attachment":[{"href":"https:\/\/mossdolli.com\/index.php?rest_route=%2Fwp%2Fv2%2Fmedia&parent=1480"}],"wp:term":[{"taxonomy":"product_brand","embeddable":true,"href":"https:\/\/mossdolli.com\/index.php?rest_route=%2Fwp%2Fv2%2Fproduct_brand&post=1480"},{"taxonomy":"product_cat","embeddable":true,"href":"https:\/\/mossdolli.com\/index.php?rest_route=%2Fwp%2Fv2%2Fproduct_cat&post=1480"},{"taxonomy":"product_tag","embeddable":true,"href":"https:\/\/mossdolli.com\/index.php?rest_route=%2Fwp%2Fv2%2Fproduct_tag&post=1480"}],"curies":[{"name":"wp","href":"https:\/\/api.w.org\/{rel}","templated":true}]}}