{"id":65,"date":"2025-05-03T23:24:49","date_gmt":"2025-05-03T21:24:49","guid":{"rendered":"http:\/\/mossdolli.com\/?post_type=product&#038;p=65"},"modified":"2025-12-28T18:35:53","modified_gmt":"2025-12-28T17:35:53","slug":"sauce-verte","status":"publish","type":"product","link":"https:\/\/mossdolli.com\/?product=sauce-verte","title":{"rendered":"Sauce Verte"},"content":{"rendered":"<p><span style=\"font-size: 14pt; font-family: georgia, palatino, serif;\"><b>Le secret d&rsquo;une grillade savoureuse<\/b><\/span><br \/>\n<span style=\"font-family: georgia, palatino, serif;\">Notre <strong>SAUCE VERTE<\/strong> maison est id\u00e9ale pour accompagner poulets, poissons et grillades. Son onctuosit\u00e9 et son parfum d\u00e9licat rel\u00e8veront \u00e9galement vos autres plats.<\/span><\/p>\n<p><span style=\"font-family: georgia, palatino, serif;\"><strong>Ingr\u00e9dients :<\/strong><\/span><br \/>\n<span style=\"font-family: georgia, palatino, serif;\">Mayonnaise (oeuf, huile, moutarde), herbes fra\u00eeches, moutarde, ail, \u00e9chalote, cr\u00e8me fra\u00eeche, huile, vinaigre, sel, poivre, sorbate de potassium.<\/span><\/p>\n<p><span style=\"font-family: georgia, palatino, serif;\"><b>Conseils d&rsquo;utilisation :<\/b><\/span><\/p>\n<p><span style=\"font-family: georgia, palatino, serif;\">\ud83d\udd38\u00a0Pr\u00eat \u00e0 l&#8217;emploi \u2013 Utilisez directement pour accompagner vos plats.<\/span><\/p>\n<p><span style=\"font-family: georgia, palatino, serif;\">\ud83d\udd38\u00a0Conservation :\u00a0 \u00e0 conserver au r\u00e9frig\u00e9rateur et \u00e0 consommer dans les 15 jours apr\u00e8s ouverture.<\/span><\/p>\n<p><span style=\"font-family: georgia, palatino, serif;\">Poids net : 180g<\/span><\/p>\n","protected":false},"excerpt":{"rendered":"<p><span style=\"font-family: georgia, palatino, serif;\"><b>Le secret d&rsquo;une grillade savoureuse<\/b><\/span><br \/>\n<span style=\"font-family: georgia, palatino, serif;\">Notre SAUCE VERTE maison est id\u00e9ale pour accompagner poulets, poissons et grillades. Son onctuosit\u00e9 et son parfum d\u00e9licat rel\u00e8veront \u00e9galement vos autres plats.<\/span><\/p>\n<p style=\"margin-top: 8px; font-size: 14px; color: #555;\"><span style=\"font-family: 'arial black', sans-serif;\"><strong><span style=\"font-size: 12pt;\">REDUCTION sur le lot de 2 sauce verte.<\/span><\/strong><\/span><\/p>\n<p><a style=\"background: #00a878; color: #fff; padding: 10px 15px; display: inline-block; border-radius: 5px;\" href=\"https:\/\/mossdolli.com\/?add-to-cart=65&amp;quantity=2\">Ajouter 2 au panier et \u00e9conomiser 10%<\/a><\/p>\n","protected":false},"featured_media":1019,"comment_status":"open","ping_status":"closed","template":"","meta":{"site-sidebar-layout":"default","site-content-layout":"","ast-site-content-layout":"default","site-content-style":"default","site-sidebar-style":"default","ast-global-header-display":"","ast-banner-title-visibility":"","ast-main-header-display":"","ast-hfb-above-header-display":"","ast-hfb-below-header-display":"","ast-hfb-mobile-header-display":"","site-post-title":"","ast-breadcrumbs-content":"","ast-featured-img":"","footer-sml-layout":"","ast-disable-related-posts":"","theme-transparent-header-meta":"default","adv-header-id-meta":"","stick-header-meta":"","header-above-stick-meta":"","header-main-stick-meta":"","header-below-stick-meta":"","astra-migrate-meta-layouts":"set","ast-page-background-enabled":"default","ast-page-background-meta":{"desktop":{"background-color":"var(--ast-global-color-5)","background-image":"","background-repeat":"repeat","background-position":"center center","background-size":"auto","background-attachment":"scroll","background-type":"","background-media":"","overlay-type":"","overlay-color":"","overlay-opacity":"","overlay-gradient":""},"tablet":{"background-color":"","background-image":"","background-repeat":"repeat","background-position":"center center","background-size":"auto","background-attachment":"scroll","background-type":"","background-media":"","overlay-type":"","overlay-color":"","overlay-opacity":"","overlay-gradient":""},"mobile":{"background-color":"","background-image":"","background-repeat":"repeat","background-position":"center center","background-size":"auto","background-attachment":"scroll","background-type":"","background-media":"","overlay-type":"","overlay-color":"","overlay-opacity":"","overlay-gradient":""}},"ast-content-background-meta":{"desktop":{"background-color":"var(--ast-global-color-4)","background-image":"","background-repeat":"repeat","background-position":"center center","background-size":"auto","background-attachment":"scroll","background-type":"","background-media":"","overlay-type":"","overlay-color":"","overlay-opacity":"","overlay-gradient":""},"tablet":{"background-color":"var(--ast-global-color-4)","background-image":"","background-repeat":"repeat","background-position":"center center","background-size":"auto","background-attachment":"scroll","background-type":"","background-media":"","overlay-type":"","overlay-color":"","overlay-opacity":"","overlay-gradient":""},"mobile":{"background-color":"var(--ast-global-color-4)","background-image":"","background-repeat":"repeat","background-position":"center center","background-size":"auto","background-attachment":"scroll","background-type":"","background-media":"","overlay-type":"","overlay-color":"","overlay-opacity":"","overlay-gradient":""}}},"product_brand":[],"product_cat":[27,21],"product_tag":[19,28],"class_list":{"0":"post-65","1":"product","2":"type-product","3":"status-publish","4":"has-post-thumbnail","6":"product_cat-packs-decouverte","7":"product_cat-sauce","8":"product_tag-sauce","9":"product_tag-sauce-verte","10":"desktop-align-left","11":"tablet-align-left","12":"mobile-align-left","14":"first","15":"outofstock","16":"shipping-taxable","17":"purchasable","18":"product-type-simple"},"_links":{"self":[{"href":"https:\/\/mossdolli.com\/index.php?rest_route=\/wp\/v2\/product\/65","targetHints":{"allow":["GET"]}}],"collection":[{"href":"https:\/\/mossdolli.com\/index.php?rest_route=\/wp\/v2\/product"}],"about":[{"href":"https:\/\/mossdolli.com\/index.php?rest_route=\/wp\/v2\/types\/product"}],"replies":[{"embeddable":true,"href":"https:\/\/mossdolli.com\/index.php?rest_route=%2Fwp%2Fv2%2Fcomments&post=65"}],"wp:featuredmedia":[{"embeddable":true,"href":"https:\/\/mossdolli.com\/index.php?rest_route=\/wp\/v2\/media\/1019"}],"wp:attachment":[{"href":"https:\/\/mossdolli.com\/index.php?rest_route=%2Fwp%2Fv2%2Fmedia&parent=65"}],"wp:term":[{"taxonomy":"product_brand","embeddable":true,"href":"https:\/\/mossdolli.com\/index.php?rest_route=%2Fwp%2Fv2%2Fproduct_brand&post=65"},{"taxonomy":"product_cat","embeddable":true,"href":"https:\/\/mossdolli.com\/index.php?rest_route=%2Fwp%2Fv2%2Fproduct_cat&post=65"},{"taxonomy":"product_tag","embeddable":true,"href":"https:\/\/mossdolli.com\/index.php?rest_route=%2Fwp%2Fv2%2Fproduct_tag&post=65"}],"curies":[{"name":"wp","href":"https:\/\/api.w.org\/{rel}","templated":true}]}}